inder when b is divided by 64.
59
Suppose -10*i = -14*i + 8. Suppose -4*y + i*y = -6. Suppose -x = -y*n + 34, n + 20 = 2*n + 4*x. What is the remainder when 21 is divided by n?
9
Let z = -297 + 344. Calculate the remainder when 234 is divided by z.
46
Let v = 491 - 469. What is the remainder when 26 is divided by v?
4
Let t(s) = -s**3 - 7*s**2 + 8*s + 12. Let w be t(-8). Let d(m) = m**2 + 7*m + 3. Calculate the remainder when d(-8) is divided by w/(4/(-4) + 3).
5
Let v(c) = -22*c**2 + 2*c - 3. Let b be v(1). Let o = b - -26. Let p = -2 - -4. Calculate the remainder when o is divided by p.
1
What is the remainder when (-12)/21 + (-13777)/(-161) is divided by 45?
40
Let k(d) = 10*d**2 + 8*d**2 + d**3 - 33*d**2 + 13*d**2 + 2. Let b be 3/(-1 + (-5)/(-2)). What is the remainder when 13 is divided by k(b)?
1
Calculate the remainder when 2/(16/(-6))*(-48 + -4) is divided by 8.
7
Let c(y) = -y**3 + 16*y**2 + y + 6. Calculate the remainder when 131 is divided by c(16).
21
Let z(o) = 0*o**2 + 15*o - 18*o**2 + 32 - 17 + o**3. Let v be z(17). Let n = -6 - v. Calculate the remainder when n is divided by 5.
3
Let a = -889 - -988. Calculate the remainder when a is divided by 17.
14
Calculate the remainder when 1595 is divided by -6*(-19)/(-5)*55/(-22).
56
Suppose 0 = 3*j - 86 - 52. Suppose 14*d - 30*d + 324 = 11*d. What is the remainder when j is divided by d?
10
Suppose 4 - 6 = x - 3*r, 20 = 5*x - 5*r. Let n be (-18)/4*(5 - x). Suppose 4*a + 3*u = n, -3*a + 23 = -0*a - u. Calculate the remainder when 21 is divided by a.
3
Let z = -119 - -136. Let v(h) = 12*h + 2. Calculate the remainder when v(4) is divided by z.
16
Suppose 0 = -73*d + 76*d - 192. What is the remainder when d is divided by 17?
13
Let f = 3 - 25. Let i = f + 24. What is the remainder when 19 is divided by i?
1
Let l be 2/(24/922) - (-3)/18. Let n = l - 59. What is the remainder when n is divided by 5?
3
Let d(f) = -6*f + 175. Let p(l) = -l + 35. Let k(m) = -2*d(m) + 11*p(m). What is the remainder when 104 is divided by k(0)?
34
Let l = -75 - -108. Let v = l + -7. What is the remainder when 100 is divided by v?
22
Suppose -2*d - 3*d = 40. Let t(r) be the second derivative of -r**3/6 + 3*r**2/2 + 7*r - 7. Calculate the remainder when 41 is divided by t(d).
8
What is the remainder when 6 is divided by 10*(33/110)/((-3)/(-4))?
2
Suppose 2241 = 34*x - 7*x. Let h(a) = 120*a**3 + a**2 - 1. Let l be h(1). Suppose 5*v = 5*c + l, 4 = -c + 1. Calculate the remainder when x is divided by v.
20
Let i = -28 + 12. Let b = 37 + i. Suppose 0 = -m - 0*m + b. What is the remainder when m is divided by 11?
10
Suppose -4*w = -i - 150 - 211, 2*i + 92 = w. Suppose -p - 80 = -93. What is the remainder when w is divided by p?
12
Let j = -33 + 43. Suppose j*b - 9 - 21 = 0. Let c = 14 + -5. What is the remainder when c is divided by b?
0
Let s be (3/(-6))/(3/(-18)). Calculate the remainder when 53 is divided by -18*(2 - (0 + s)).
17
Let q be (-572)/(-39)*(-3 + 0). Calculate the remainder when 9 is divided by (-5)/(40/q) - (-1)/(-2).
4
Suppose y - 68 = 2*t, -3*y - 2*y - 4*t = -396. Suppose -i = -y + 31. Calculate the remainder when i is divided by 17.
11
Suppose 0 = 20*v + 390 - 3030. Calculate the remainder when v is divided by 67.
65
Let i be (8/6 + -2)*-3. Suppose -5*k = -i*k - 30. Calculate the remainder when 1/3 + -1 + 1992/72 is divided by k.
7
Let r = -19 - -31. Let b = -23 + 54. Calculate the remainder when b is divided by ((-34)/(-12)*-2)/((-4)/r).
14
Let h = -110 - -180. Calculate the remainder when 487 is divided by h.
67
Let f(z) = 3*z**2 + 6*z + 2. Let v(u) = 8*u**3 - 96*u**2 + 15*u - 27. Calculate the remainder when v(12) is divided by f(-4).
23
Let b be -7*4/(-3 + 1). Let a = -15 + b. Calculate the remainder when 29 is divided by a - (-2)/((-6)/(-27)).
5
Suppose -5*z - 4*m - 42 = -7*z, 2*z = m + 45. Calculate the remainder when z is divided by 18.
5
Suppose 15 + 20 = y. Calculate the remainder when 94 is divided by y.
24
Let x(v) = 12*v**2 - 4*v - 4. Let c be x(-1). Suppose c*w - 300 = 2*w. What is the remainder when 86 is divided by w?
26
Let b = 1 + 16. Suppose 5*j = 158 + b. What is the remainder when 67 is divided by j?
32
Let v(i) = 56*i**2 - 5*i + 2. Suppose -k - 5*h + 14 = -12, k = 2*h - 9. Calculate the remainder when v(k) is divided by 11.
9
Let w = -334 - -370. What is the remainder when w is divided by 13?
10
Suppose -3*r + 150 = -330. Suppose -2*j = 3*j - r. Let y(x) = 17*x**3 - x**2 + 1. Calculate the remainder when j is divided by y(1).
15
Let w be (-3)/(-9) - 124/(-6). Suppose -2*d = w - 25. Suppose 0 = d*h - 5*h + 39. What is the remainder when 37 is divided by h?
11
Let d = -2 - 15. Suppose 8*b + 35 - 3 = 0. Let a = b - d. What is the remainder when 36 is divided by a?
10
Let r(l) = 6*l - 48. Let i be r(11). Let y(h) = h**3 - 18*h**2 + h - 3. Calculate the remainder when 44 is divided by y(i).
14
Let c be 1/(11*1/4 + -3). Calculate the remainder when 1/c - 7/((-112)/228) is divided by 3.
2
Suppose 90 = 35*u - 680. Calculate the remainder when 460 is divided by u.
20
Suppose 5*i + 3*p - 4*p = 596, 4*p = -4*i + 472. What is the remainder when i is divided by 24?
23
Suppose 0 = -4*g + 4*h + 76, 6*h = 5*g + 2*h - 91. What is the remainder when g is divided by (77/(-21) + 5)*(-9)/(-2)?
3
Suppose -21*g + 24*g - 136 = -5*a, -3*g = 2*a - 130. Calculate the remainder when 82 is divided by g.
40
Suppose 4*z - 3*z = 45. Let c = 407 + -390. What is the remainder when z is divided by c?
11
Let w(i) = i**2 + 5*i - 4. Let z(s) = 12*s**2 - 7*s - 15. What is the remainder when z(-2) is divided by w(-7)?
7
Suppose 5*p = l + 4*l + 215, -2*p + 5*l + 92 = 0. What is the remainder when 228 is divided by p?
23
Suppose -t = -z - 5, 7 = 3*t - 3*z + 2*z. Suppose 60 = -13*n + 3*n. Let i(o) = -8*o - 44. Calculate the remainder when i(n) is divided by t.
0
Suppose -d + 12 = 3*x, -5*d + 3*x - 10 + 34 = 0. What is the remainder when 41 is divided by d?
5
Let x = -7 - 8. Suppose -125 = -5*c - 0*c. Let z = c + x. What is the remainder when z is divided by 3?
1
Let j(g) = 49*g - 55. Calculate the remainder when 730 is divided by j(2).
42
Suppose j = -2*j + 5*g - 18, -4*g + 11 = j. Let r be (j - 16)*(4 + -3). Let w = -8 - r. What is the remainder when 25 is divided by w?
7
Let r(n) = -n**2 + 22*n + 4. Suppose 4*y = -3*x + 13, -3*y + 0*y + 22 = 4*x. Calculate the remainder when r(x) is divided by (-1 + 2)/((-4)/(-112)).
25
Let d be (-3)/9 + 10/(-6). Suppose 0*w + 5*w = -5*g + 25, 0 = -5*w + 4*g + 34. Calculate the remainder when 97 is divided by d*(-1 + (-69)/w).
22
Let d(i) = -i**2 + 24*i + 7. Calculate the remainder when d(9) is divided by 79.
63
Suppose 46 = 2*t - 19*i + 15*i, 2*t - 3*i - 47 = 0. What is the remainder when 65 is divided by t?
15
Suppose 4*i - 5*o = 77 + 100, 0 = 3*i - 4*o - 133. What is the remainder when i is divided by 24?
19
Let b(n) = -n**3 - 6*n**2 + 6*n - 6. Suppose 0 = o - 0*o + r, 0 = -3*r. Suppose -3*x - x + 4 = o. Calculate the remainder when x is divided by b(-7).
0
Suppose p + 1 = 3. Suppose 0 = -3*n + 5*b + 95, 3*b = -3*n + 65 - p. What is the remainder when 48 is divided by n?
23
Let h = 92 + -88. Calculate the remainder when 10 is divided by h.
2
Let d(c) = 3*c**2 + 5. Let z = 47 - 50. Suppose -2 = -l + 7. Calculate the remainder when d(z) is divided by l.
5
Suppose -3*l = 3*h - 228, -19*h + l + 240 = -16*h. Calculate the remainder when h is divided by 8.
7
Suppose 0 = -5*g + 10 + 505. Calculate the remainder when g is divided by 46.
11
Calculate the remainder when 132 is divided by 48/(3/(-1))*(-90)/20.
60
Suppose l + 42 = n + 19, -l = 4*n - 92. Calculate the remainder when 297 is divided by n.
21
Suppose -2*d + 12 = -5*k - 0, -d - 16 = 3*k. What is the remainder when (-33)/(k + (1 - -4 - 2)) is divided by 9?
6
Suppose -x - 2*w + 5 = 0, -x + 0*x - 7 = 5*w. Suppose -4*i + 127 - 27 = 0. Calculate the remainder when i is divided by x.
12
Let i(j) = 14*j - 6. Let k(q) = -q - 1. Let d be k(-3). Calculate the remainder when i(d) is divided by 5.
2
Suppose 4*a - 3*l - 46 = 55, 4*a - 83 = -3*l. Suppose -4*o + a + 5 = 0. What is the remainder when 27 is divided by o?
6
Let q(o) = 2*o**2 - 20*o + 14. What is the remainder when q(12) is divided by 34?
28
Suppose -256*r - 660 = -260*r. What is 